{"id":2915,"date":"2020-08-24T11:13:15","date_gmt":"2020-08-24T11:13:15","guid":{"rendered":"http:\/\/kaumo.fi\/?post_type=tribe_events&#038;p=2915"},"modified":"2020-11-27T11:15:23","modified_gmt":"2020-11-27T11:15:23","slug":"musiikkia-vallmogardissa-konserttisarja-nyt-syttyy-valot-tuhannet","status":"publish","type":"tribe_events","link":"http:\/\/kaumo.fi\/sv\/event\/musiikkia-vallmogardissa-konserttisarja-nyt-syttyy-valot-tuhannet\/","title":{"rendered":"PERUTTU &#8211; ANNULLERAD: Musiikkia Vallmog\u00e5rdissa-konserttisarja: Nyt syttyy valot tuhannet &#8211;  Musik i Vallmog\u00e5rd-konsertserie: Nu t\u00e4ndas tusen juleljus"},"content":{"rendered":"<p>Raisa Rangellin lauluoppilaat esitt\u00e4v\u00e4t kauneimpia joululaulujamme. Seppo Tarhio s\u00e4est\u00e4\u00e4 pianolla.<\/p>\n<p>Konsertti on osa \u201dMusiikkia Vallmog\u00e5rdissa\u201d-konserttisarjaa. Konsertti toteutetaan yhteisty\u00f6ss\u00e4 Kauniaisten kaupungin kanssa.<\/p>\n<p>Turvallisen konserttiel\u00e4myksen varmistamiseksi yleis\u00f6m\u00e4\u00e4r\u00e4\u00e4 on rajoitettu. Yksi vieras\/esiintyj\u00e4. Suosittelemme suusuojan k\u00e4ytt\u00f6\u00e4.<\/p>\n<p>Vapaa p\u00e4\u00e4sy<\/p>\n<p>Raisa Rangells s\u00e5ngelever upptr\u00e4der med v\u00e5ra vackraste juls\u00e5nger. Seppo Tarhio ackompanjerar p\u00e5 piano.<\/p>\n<p>Konserten \u00e4r en del av &#8220;Musik i Vallmog\u00e5rd&#8221;-konsertserien. Konserten f\u00f6rverkligas i samarbete med Grankulla stad.<\/p>\n<p>Publikm\u00e4ngden har begr\u00e4nsats f\u00f6r en trygg konsertupplevelse. En g\u00e4st\/upptr\u00e4dande elev. Vi rekommenderar anv\u00e4ndning av munskydd.<\/p>\n<p>Fritt intr\u00e4de<\/p>\n","protected":false},"excerpt":{"rendered":"<p>Raisa Rangellin lauluoppilaat esitt\u00e4v\u00e4t kauneimpia joululaulujamme. Seppo Tarhio s\u00e4est\u00e4\u00e4 pianolla. Konsertti on osa \u201dMusiikkia Vallmog\u00e5rdissa\u201d-konserttisarjaa. Konsertti toteutetaan yhteisty\u00f6ss\u00e4 Kauniaisten kaupungin kanssa. Turvallisen konserttiel\u00e4myksen varmistamiseksi yleis\u00f6m\u00e4\u00e4r\u00e4\u00e4 on rajoitettu. Yksi vieras\/esiintyj\u00e4. Suosittelemme [&hellip;]<\/p>\n","protected":false},"author":2,"featured_media":0,"template":"","meta":{"_tribe_events_status":"","_tribe_events_status_reason":"","footnotes":""},"tags":[],"tribe_events_cat":[],"class_list":["post-2915","tribe_events","type-tribe_events","status-publish","hentry"],"translation":{"provider":"WPGlobus","version":"3.0.0","language":"sv","enabled_languages":["fi","sv"],"languages":{"fi":{"title":true,"content":true,"excerpt":false},"sv":{"title":false,"content":false,"excerpt":false}}},"_links":{"self":[{"href":"http:\/\/kaumo.fi\/sv\/wp-json\/wp\/v2\/tribe_events\/2915","targetHints":{"allow":["GET"]}}],"collection":[{"href":"http:\/\/kaumo.fi\/sv\/wp-json\/wp\/v2\/tribe_events"}],"about":[{"href":"http:\/\/kaumo.fi\/sv\/wp-json\/wp\/v2\/types\/tribe_events"}],"author":[{"embeddable":true,"href":"http:\/\/kaumo.fi\/sv\/wp-json\/wp\/v2\/users\/2"}],"version-history":[{"count":8,"href":"http:\/\/kaumo.fi\/sv\/wp-json\/wp\/v2\/tribe_events\/2915\/revisions"}],"predecessor-version":[{"id":3668,"href":"http:\/\/kaumo.fi\/sv\/wp-json\/wp\/v2\/tribe_events\/2915\/revisions\/3668"}],"wp:attachment":[{"href":"http:\/\/kaumo.fi\/sv\/wp-json\/wp\/v2\/media?parent=2915"}],"wp:term":[{"taxonomy":"post_tag","embeddable":true,"href":"http:\/\/kaumo.fi\/sv\/wp-json\/wp\/v2\/tags?post=2915"},{"taxonomy":"tribe_events_cat","embeddable":true,"href":"http:\/\/kaumo.fi\/sv\/wp-json\/wp\/v2\/tribe_events_cat?post=2915"}],"curies":[{"name":"wp","href":"https:\/\/api.w.org\/{rel}","templated":true}]}}

PERUTTU &#8211; ANNULLERAD: Musiikkia Vallmogårdissa-konserttisarja: Nyt syttyy valot tuhannet &#8211;  Musik i Vallmogård-konsertserie: Nu tändas tusen juleljus

<p>Raisa Rangellin lauluoppilaat esittävät kauneimpia joululaulujamme. Seppo Tarhio säestää pianolla.</p>
<p>Konsertti on osa ”Musiikkia Vallmogårdissa”-konserttisarjaa. Konsertti toteutetaan yhteistyössä Kauniaisten kaupungin kanssa.</p>
<p>Turvallisen konserttielämyksen varmistamiseksi yleisömäärää on rajoitettu. Yksi vieras/esiintyjä. Suosittelemme suusuojan käyttöä.</p>
<p>Vapaa pääsy</p>
<p>Raisa Rangells sångelever uppträder med våra vackraste julsånger. Seppo Tarhio ackompanjerar på piano.</p>
<p>Konserten är en del av &#8220;Musik i Vallmogård&#8221;-konsertserien. Konserten förverkligas i samarbete med Grankulla stad.</p>
<p>Publikmängden har begränsats för en trygg konsertupplevelse. En gäst/uppträdande elev. Vi rekommenderar användning av munskydd.</p>
<p>Fritt inträde</p>

<p>Raisa Rangellin lauluoppilaat esittävät kauneimpia joululaulujamme. Seppo Tarhio säestää pianolla. Konsertti on osa ”Musiikkia Vallmogårdissa”-konserttisarjaa. Konsertti toteutetaan yhteistyössä Kauniaisten kaupungin kanssa. Turvallisen konserttielämyksen varmistamiseksi yleisömäärää on rajoitettu. Yksi vieras/esiintyjä. Suosittelemme [&hellip;]</p>
