{"id":389,"date":"2017-12-12T11:29:23","date_gmt":"2017-12-12T11:29:23","guid":{"rendered":"http:\/\/u44921.shellit.org\/?page_id=389"},"modified":"2025-12-16T10:31:00","modified_gmt":"2025-12-16T10:31:00","slug":"lukuvuosi","status":"publish","type":"page","link":"https:\/\/kaumo.fi\/sv\/info\/lukuvuosi\/","title":{"rendered":"Lukuvuosi ja lukukausimaksut"},"content":{"rendered":"[vc_row][vc_column][mk_padding_divider size=&#8221;30&#8243;][mk_fancy_title font_family=&#8221;none&#8221;]\n<h1 style=\"text-align: center;\">Lukuvuosi \/ L\u00e4s\u00e5ret 2025-2026<\/h1>\n[\/mk_fancy_title][\/vc_column][\/vc_row][vc_row][vc_column width=&#8221;1\/2&#8243;][vc_column_text css=&#8221;.vc_custom_1748936177929{margin-bottom: 0px !important;}&#8221;]\n<p style=\"text-align: center;\"><strong>Lukukaudet ja opetusp\u00e4iv\u00e4t \/ Terminer och undervisningsdagar<\/strong><\/p>\n<p style=\"text-align: center;\">Syyslukukausi\/H\u00f6sttermin 12.8.2025 &#8211; 16.12.2025<br \/>\nKev\u00e4tlukukausi\/V\u00e5rtermin 7.1.2026 &#8211; 25.5.2026<\/p>\n<p style=\"text-align: center;\"><strong>Lomat \/ Lov<\/strong><\/p>\n<p style=\"text-align: center;\">Syysloma\/H\u00f6stlov 13.10.2025 &#8211; 17.10.2025<br \/>\nJoululoma\/Jullov 17.12.2025 &#8211; 6.1.2026<br \/>\nTalviloma\/Sportlov 16.2.2026 &#8211; 20.2.2026<br \/>\nP\u00e4\u00e4si\u00e4isloma\/P\u00e5sklov 3.4.2026 &#8211; 6.4.2026<br \/>\nVappu\/Valborg 1.5.2026<\/p>\n<p style=\"text-align: center;\">Helatorstai\/Kristi himmelsf\u00e4rdsdag 14.5.2026<\/p>\n<p style=\"text-align: center;\"><strong>P\u00e4\u00e4sytestit \/ Intr\u00e4destest<\/strong><\/p>\n<p style=\"text-align: center;\">Katso t\u00e4\u00e4lt\u00e4\/tryck h\u00e4r <a href=\"http:\/\/kaumo.fi\/ilmoittautuminen\/\">http:\/\/kaumo.fi\/ilmoittautuminen\/<\/a><\/p>\n[\/vc_column_text][\/vc_column][vc_column width=&#8221;1\/2&#8243; css=&#8221;.vc_custom_1513334295956{padding-top: 20px !important;padding-right: 20px !important;padding-bottom: 20px !important;padding-left: 20px !important;background-color: #eb4339 !important;}&#8221;][mk_padding_divider size=&#8221;30&#8243;][mk_fancy_title font_family=&#8221;none&#8221;]\n<h3 style=\"text-align: center; color: #fff;\">Lis\u00e4tietoa opetuksesta<br \/>\nHyv\u00e4 tiet\u00e4\u00e4 -sivulla<\/h3>\n[\/mk_fancy_title][vc_btn title=&#8221;Siirry Hyv\u00e4 tiet\u00e4\u00e4 -sivulle&#8221; style=&#8221;flat&#8221; color=&#8221;danger&#8221; size=&#8221;lg&#8221; align=&#8221;center&#8221; i_icon_fontawesome=&#8221;fa fa-share-square&#8221; add_icon=&#8221;true&#8221; link=&#8221;url:%2Fhyva-tietaa%2F|||&#8221;][\/vc_column][\/vc_row][vc_row][vc_column][mk_padding_divider size=&#8221;30&#8243;][mk_fancy_title color=&#8221;#dd3333&#8243; font_family=&#8221;none&#8221;]\n<h1 style=\"text-align: center;\">Lukukausimaksut \/ Terminsavgifter 2025-2026<\/h1>\n[\/mk_fancy_title][vc_column_text css=&#8221;.vc_custom_1616765277193{margin-bottom: 0px !important;}&#8221;]\n<p style=\"text-align: center;\">Sisaralennus my\u00f6nnet\u00e4\u00e4n seuraavasti: 5% kahden lapsen, 10% kolmen tai useamman lapsen yhteenlasketusta lukukausimaksusta. Alennus ei koske lis\u00e4maksuja. Alennusta ei my\u00f6nnet\u00e4 yleisen osaston oppilaille.<\/p>\n<p style=\"text-align: center;\">Opetushallituksen ohjeistusten mukaisesti opetusta voidaan antaa osaksi, tai tarvittaessa kokonaan, l\u00e4hiopetusta korvaavilla vaihtoehtoisilla tavoilla, kuten et\u00e4opetuksena.<\/p>\n<p style=\"text-align: center;\">Syskonrabatt beviljas enligt f\u00f6ljande: 5% f\u00f6r tv\u00e5 barns ihopr\u00e4knade terminsavgifter, 10% f\u00f6r tre eller flera barns ihopr\u00e4knade terminsavgifter. Rabatten g\u00e4ller ej till\u00e4ggsavgifter. Rabatt beviljas ej heller f\u00f6r elever p\u00e5 allm\u00e4n avdelning.<\/p>\n<p style=\"text-align: center;\">Enligt utbildningsstyrelsens direktiv kan undervisningen ges delvis, eller vid behov helt och h\u00e5llet, p\u00e5 ett s\u00e4tt som ers\u00e4tter n\u00e4rundervisningen. Ett ers\u00e4ttande s\u00e4tt kan till exempel vara distansundervisning.<\/p>\n[\/vc_column_text][mk_padding_divider size=&#8221;15&#8243;][\/vc_column][\/vc_row][vc_row fullwidth=&#8221;true&#8221; css=&#8221;.vc_custom_1513064951576{background-position: center !important;background-repeat: no-repeat !important;background-size: cover !important;}&#8221;][vc_column][mk_table el_class=&#8221;price-table-w-vk&#8221;]\n<table width=\"100%\">\n<thead>\n<tr>\n<th style=\"text-align: left;\">Varhaisi\u00e4n musiikkikasvatuksen lukukausimaksut<\/th>\n<\/tr>\n<\/thead>\n<tbody>\n<tr>\n<td style=\"text-align: left;\">Muskariryhm\u00e4t &#8211; <strong>150 \u20ac<\/strong><\/td>\n<\/tr>\n<tr>\n<td style=\"text-align: left;\">Kantelemuskari, ukulelemuskari &#8211;<strong>\u00a0160 \u20ac<\/strong><\/td>\n<\/tr>\n<tr>\n<td style=\"text-align: left;\">Huomioithan ett\u00e4 my\u00f6s sisarmuskarissa maksat jokaisesta lapsesta oman osallistumismaksun.<\/td>\n<\/tr>\n<\/tbody>\n<\/table>\n[\/mk_table][mk_padding_divider size=&#8221;30&#8243;][mk_table el_class=&#8221;price-table-w-po&#8221;]\n<table width=\"100%\">\n<thead>\n<tr>\n<th style=\"text-align: left;\">Musiikin perus- ja syvent\u00e4vien opintojen lukukausimaksut \/ Terminsavgifter f\u00f6r grundstudier och f\u00f6rdjupade studier<\/th>\n<\/tr>\n<\/thead>\n<tbody>\n<tr>\n<td style=\"text-align: left;\">P\u00e4\u00e4aine\/Huvud\u00e4mne &#8211; <strong>415 \u20ac <\/strong>Sis. opetussuunnitelmaan kuuluvat ryhm\u00e4opinnot. Inneh\u00e5ller gruppstudier enligt l\u00e4roplanen.<\/td>\n<\/tr>\n<tr>\n<td style=\"text-align: left;\">Sivuaine\/Bi\u00e4mne &#8211; <strong>255 \u20ac<\/strong><\/td>\n<\/tr>\n<\/tbody>\n<\/table>\n[\/mk_table][mk_padding_divider size=&#8221;30&#8243;][mk_table el_class=&#8221;price-table-w&#8221;]\n<table width=\"100%\">\n<thead>\n<tr>\n<th style=\"text-align: left;\">Musiikin yleisten opintojen lukukausimaksut \/ Terminsavgifter f\u00f6r allm\u00e4nna avdelningen<\/th>\n<\/tr>\n<\/thead>\n<tbody>\n<tr>\n<td style=\"text-align: left;\">P\u00e4\u00e4aine\/Huvud\u00e4mne &#8211; <strong>530 \u20ac <\/strong>sis. yhteismusisoinnin sek\u00e4 valinnaiset musiikin hahmotusaineet. Inneh\u00e5ller sammusicering samt valbara \u00e4mnen i gestaltning av musik.<\/td>\n<\/tr>\n<tr>\n<td style=\"text-align: left;\">Yhteismusisointi p\u00e4\u00e4aineena\/Sammusicering som huvud\u00e4mne &#8211; <strong>140 \u20ac<\/strong><\/td>\n<\/tr>\n<tr>\n<td style=\"text-align: left;\">Ly\u00f6m\u00e4soitinkurssi vanhemmille\/Undervisning i slaginstrument f\u00f6r f\u00f6r\u00e4ldrar &#8211; <strong>170 \u20ac<\/strong><\/td>\n<\/tr>\n<tr>\n<td style=\"text-align: left;\">Harmonikkaryhm\u00e4 vanhemmille\/Undervisning i dragspel f\u00f6r f\u00f6r\u00e4ldrar &#8211; <strong>170 \u20ac<\/strong><\/td>\n<\/tr>\n<tr>\n<td style=\"text-align: left;\"><strong>Aikuisoppijalinja\/Linjen f\u00f6r vuxenstuderande (Yksil\u00f6opetus\/Individuell undervisning)<\/strong><\/td>\n<\/tr>\n<tr>\n<td style=\"text-align: left;\">30 min x 5 op.kertaa\/g\u00e5nger &#8211; <strong>305 \u20ac<\/strong><\/td>\n<\/tr>\n<tr>\n<td style=\"text-align: left;\">30 min x 8 op.kertaa\/g\u00e5nger &#8211; <strong>470 \u20ac<\/strong><\/td>\n<\/tr>\n<tr>\n<td style=\"text-align: left;\">30 min. x 12 op.kertaa\/g\u00e5nger &#8211; <strong>690 \u20ac<\/strong><\/td>\n<\/tr>\n<\/tbody>\n<\/table>\n[\/mk_table][mk_padding_divider size=&#8221;30&#8243;][mk_table el_class=&#8221;price-table-w&#8221;]\n<table width=\"100%\">\n<thead>\n<tr>\n<th style=\"text-align: left;\">Iltap\u00e4iv\u00e4opetus\/Eftermiddagsundervisning<\/th>\n<\/tr>\n<\/thead>\n<tbody>\n<tr>\n<td style=\"text-align: left;\">Hinta on per lukukausi \/ Priset \u00e4r f\u00f6r en termin<\/td>\n<\/tr>\n<tr>\n<td style=\"text-align: left;\"><\/td>\n<\/tr>\n<tr>\n<td style=\"text-align: left;\">Pop\/jazz -s\u00e5nggrupp (elev utan huvud\u00e4mne)\u00a0 &#8211; <strong>160 \u20ac<\/strong><\/td>\n<\/tr>\n<tr>\n<td style=\"text-align: left;\">Pop\/jazz -s\u00e5nggrupp (elev med huvud\u00e4mne)\u00a0 &#8211; <strong>90 \u20ac<\/strong><\/td>\n<\/tr>\n<tr>\n<td style=\"text-align: left;\">MuVis, musiikki-ja kuvataideopetus &#8211; <strong>185\u00a0\u20ac<\/strong><\/td>\n<\/tr>\n<tr>\n<td style=\"text-align: left;\">Musiikkiteatterikerho &#8211;\u00a0<strong>195 \u20ac\u00a0<\/strong><\/td>\n<\/tr>\n<tr>\n<td style=\"text-align: left;\">Musari &#8211;\u00a0<strong>135 \u20ac <\/strong>(maksuton musiikkiopiston oppilaalle, jolla p\u00e4\u00e4aine)<\/td>\n<\/tr>\n<\/tbody>\n<\/table>\n[\/mk_table][mk_padding_divider size=&#8221;30&#8243;][mk_table el_class=&#8221;price-table-w&#8221;]\n<table width=\"100%\">\n<thead>\n<tr>\n<th style=\"text-align: left;\">Muut maksut \/ \u00d6vriga avgifter<\/th>\n<\/tr>\n<\/thead>\n<tbody>\n<tr>\n<td style=\"text-align: left;\">Kirjaamismaksu\/Inskrivningsavgift &#8211; <strong>15 \u20ac<\/strong><\/td>\n<\/tr>\n<tr>\n<td style=\"text-align: left;\"><strong>Alla olevat hinnat ovat per lukukausi \/ Priserna nedan \u00e4r per termin.<\/strong><\/td>\n<\/tr>\n<tr>\n<td style=\"text-align: left;\">Ulkopaikkakuntalainen, p\u00e4\u00e4aine\/Icke ortsbo, huvud\u00e4mne &#8211; <strong>60 \u20ac\u00a0<\/strong><\/td>\n<\/tr>\n<tr>\n<td style=\"text-align: left;\">Ulkopaikkakuntalainen, ryhm\u00e4t\/Icke ortsbo, grupper &#8211; <strong>10 \u20ac<\/strong><\/td>\n<\/tr>\n<tr>\n<td style=\"text-align: left;\">Soitinvuokra Kaumon oppilaalle\/Instrumenthyra f\u00f6r elev i Kaumo &#8211; <strong>85 \u20ac\u00a0<\/strong>Soitinvuokra muille\/Instrumenthyra f\u00f6r \u00f6vriga &#8211; <strong>150 \u20ac<\/strong><\/td>\n<\/tr>\n<tr>\n<td style=\"text-align: left;\">Solistisen aineen tutkintomaksu, ulkopuolinen oppilas\/Examensavgift i solistiskt \u00e4mne, utomst\u00e5ende elev- <strong>200 \u20ac<\/strong><\/td>\n<\/tr>\n<tr>\n<td style=\"text-align: left;\">Musiikin hahmottamisaineet, ulkopuolinen oppilas tai ilman p\u00e4\u00e4ainetta\/Gestaltning av musik, utomst\u00e5ende elev eller elev utan huvud\u00e4mne &#8211; <strong>135\u00a0 \u20ac<\/strong><\/td>\n<\/tr>\n<tr>\n<td style=\"text-align: left;\">Musiikin hahmotusaineiden materiaalimaksu\/Gestaltning av musik, materialavgift fr.o.m.\u00a0 &#8211; <strong>20\u00a0 \u20ac alk.<\/strong><\/td>\n<\/tr>\n<\/tbody>\n<\/table>\n[\/mk_table][mk_padding_divider size=&#8221;30&#8243;][\/vc_column][\/vc_row]\n","protected":false},"excerpt":{"rendered":"<p>[vc_row][vc_column][mk_padding_divider size=&#8221;30&#8243;][mk_fancy_title font_family=&#8221;none&#8221;] Lukuvuosi \/ L\u00e4s\u00e5ret 2025-2026 [\/mk_fancy_title][\/vc_column][\/vc_row][vc_row][vc_column width=&#8221;1\/2&#8243;][vc_column_text css=&#8221;.vc_custom_1748936177929{margin-bottom: 0px !important;}&#8221;] Lukukaudet ja opetusp\u00e4iv\u00e4t \/ Terminer och undervisningsdagar Syyslukukausi\/H\u00f6sttermin 12.8.2025 &#8211; 16.12.2025 Kev\u00e4tlukukausi\/V\u00e5rtermin 7.1.2026 &#8211; 25.5.2026 Lomat \/ Lov [&hellip;]<\/p>\n","protected":false},"author":1,"featured_media":0,"parent":13,"menu_order":0,"comment_status":"closed","ping_status":"closed","template":"","meta":{"footnotes":""},"class_list":["post-389","page","type-page","status-publish","hentry"],"translation":{"provider":"WPGlobus","version":"3.0.0","language":"sv","enabled_languages":["fi","sv"],"languages":{"fi":{"title":true,"content":true,"excerpt":false},"sv":{"title":false,"content":false,"excerpt":false}}},"_links":{"self":[{"href":"https:\/\/kaumo.fi\/sv\/wp-json\/wp\/v2\/pages\/389","targetHints":{"allow":["GET"]}}],"collection":[{"href":"https:\/\/kaumo.fi\/sv\/wp-json\/wp\/v2\/pages"}],"about":[{"href":"https:\/\/kaumo.fi\/sv\/wp-json\/wp\/v2\/types\/page"}],"author":[{"embeddable":true,"href":"https:\/\/kaumo.fi\/sv\/wp-json\/wp\/v2\/users\/1"}],"replies":[{"embeddable":true,"href":"https:\/\/kaumo.fi\/sv\/wp-json\/wp\/v2\/comments?post=389"}],"version-history":[{"count":94,"href":"https:\/\/kaumo.fi\/sv\/wp-json\/wp\/v2\/pages\/389\/revisions"}],"predecessor-version":[{"id":9188,"href":"https:\/\/kaumo.fi\/sv\/wp-json\/wp\/v2\/pages\/389\/revisions\/9188"}],"up":[{"embeddable":true,"href":"https:\/\/kaumo.fi\/sv\/wp-json\/wp\/v2\/pages\/13"}],"wp:attachment":[{"href":"https:\/\/kaumo.fi\/sv\/wp-json\/wp\/v2\/media?parent=389"}],"curies":[{"name":"wp","href":"https:\/\/api.w.org\/{rel}","templated":true}]}}

[vc_row][vc_column][mk_padding_divider size=&#8221;30&#8243;][mk_fancy_title font_family=&#8221;none&#8221;]
<h1 style="text-align: center;">Lukuvuosi / Läsåret 2025-2026</h1>
[/mk_fancy_title][/vc_column][/vc_row][vc_row][vc_column width=&#8221;1/2&#8243;][vc_column_text css=&#8221;.vc_custom_1748936177929{margin-bottom: 0px !important;}&#8221;]
<p style="text-align: center;"><strong>Lukukaudet ja opetuspäivät / Terminer och undervisningsdagar</strong></p>
<p style="text-align: center;">Syyslukukausi/Hösttermin 12.8.2025 &#8211; 16.12.2025<br />
Kevätlukukausi/Vårtermin 7.1.2026 &#8211; 25.5.2026</p>
<p style="text-align: center;"><strong>Lomat / Lov</strong></p>
<p style="text-align: center;">Syysloma/Höstlov 13.10.2025 &#8211; 17.10.2025<br />
Joululoma/Jullov 17.12.2025 &#8211; 6.1.2026<br />
Talviloma/Sportlov 16.2.2026 &#8211; 20.2.2026<br />
Pääsiäisloma/Påsklov 3.4.2026 &#8211; 6.4.2026<br />
Vappu/Valborg 1.5.2026</p>
<p style="text-align: center;">Helatorstai/Kristi himmelsfärdsdag 14.5.2026</p>
<p style="text-align: center;"><strong>Pääsytestit / Inträdestest</strong></p>
<p style="text-align: center;">Katso täältä/tryck här <a href="http://kaumo.fi/ilmoittautuminen/">http://kaumo.fi/ilmoittautuminen/</a></p>
[/vc_column_text][/vc_column][vc_column width=&#8221;1/2&#8243; css=&#8221;.vc_custom_1513334295956{padding-top: 20px !important;padding-right: 20px !important;padding-bottom: 20px !important;padding-left: 20px !important;background-color: #eb4339 !important;}&#8221;][mk_padding_divider size=&#8221;30&#8243;][mk_fancy_title font_family=&#8221;none&#8221;]
<h3 style="text-align: center; color: #fff;">Lisätietoa opetuksesta<br />
Hyvä tietää -sivulla</h3>
[/mk_fancy_title][vc_btn title=&#8221;Siirry Hyvä tietää -sivulle&#8221; style=&#8221;flat&#8221; color=&#8221;danger&#8221; size=&#8221;lg&#8221; align=&#8221;center&#8221; i_icon_fontawesome=&#8221;fa fa-share-square&#8221; add_icon=&#8221;true&#8221; link=&#8221;url:%2Fhyva-tietaa%2F|||&#8221;][/vc_column][/vc_row][vc_row][vc_column][mk_padding_divider size=&#8221;30&#8243;][mk_fancy_title color=&#8221;#dd3333&#8243; font_family=&#8221;none&#8221;]
<h1 style="text-align: center;">Lukukausimaksut / Terminsavgifter 2025-2026</h1>
[/mk_fancy_title][vc_column_text css=&#8221;.vc_custom_1616765277193{margin-bottom: 0px !important;}&#8221;]
<p style="text-align: center;">Sisaralennus myönnetään seuraavasti: 5% kahden lapsen, 10% kolmen tai useamman lapsen yhteenlasketusta lukukausimaksusta. Alennus ei koske lisämaksuja. Alennusta ei myönnetä yleisen osaston oppilaille.</p>
<p style="text-align: center;">Opetushallituksen ohjeistusten mukaisesti opetusta voidaan antaa osaksi, tai tarvittaessa kokonaan, lähiopetusta korvaavilla vaihtoehtoisilla tavoilla, kuten etäopetuksena.</p>
<p style="text-align: center;">Syskonrabatt beviljas enligt följande: 5% för två barns ihopräknade terminsavgifter, 10% för tre eller flera barns ihopräknade terminsavgifter. Rabatten gäller ej tilläggsavgifter. Rabatt beviljas ej heller för elever på allmän avdelning.</p>
<p style="text-align: center;">Enligt utbildningsstyrelsens direktiv kan undervisningen ges delvis, eller vid behov helt och hållet, på ett sätt som ersätter närundervisningen. Ett ersättande sätt kan till exempel vara distansundervisning.</p>
[/vc_column_text][mk_padding_divider size=&#8221;15&#8243;][/vc_column][/vc_row][vc_row fullwidth=&#8221;true&#8221; css=&#8221;.vc_custom_1513064951576{background-position: center !important;background-repeat: no-repeat !important;background-size: cover !important;}&#8221;][vc_column][mk_table el_class=&#8221;price-table-w-vk&#8221;]
<table width="100%">
<thead>
<tr>
<th style="text-align: left;">Varhaisiän musiikkikasvatuksen lukukausimaksut</th>
</tr>
</thead>
<tbody>
<tr>
<td style="text-align: left;">Muskariryhmät &#8211; <strong>150 €</strong></td>
</tr>
<tr>
<td style="text-align: left;">Kantelemuskari, ukulelemuskari &#8211;<strong> 160 €</strong></td>
</tr>
<tr>
<td style="text-align: left;">Huomioithan että myös sisarmuskarissa maksat jokaisesta lapsesta oman osallistumismaksun.</td>
</tr>
</tbody>
</table>
[/mk_table][mk_padding_divider size=&#8221;30&#8243;][mk_table el_class=&#8221;price-table-w-po&#8221;]
<table width="100%">
<thead>
<tr>
<th style="text-align: left;">Musiikin perus- ja syventävien opintojen lukukausimaksut / Terminsavgifter för grundstudier och fördjupade studier</th>
</tr>
</thead>
<tbody>
<tr>
<td style="text-align: left;">Pääaine/Huvudämne &#8211; <strong>415 € </strong>Sis. opetussuunnitelmaan kuuluvat ryhmäopinnot. Innehåller gruppstudier enligt läroplanen.</td>
</tr>
<tr>
<td style="text-align: left;">Sivuaine/Biämne &#8211; <strong>255 €</strong></td>
</tr>
</tbody>
</table>
[/mk_table][mk_padding_divider size=&#8221;30&#8243;][mk_table el_class=&#8221;price-table-w&#8221;]
<table width="100%">
<thead>
<tr>
<th style="text-align: left;">Musiikin yleisten opintojen lukukausimaksut / Terminsavgifter för allmänna avdelningen</th>
</tr>
</thead>
<tbody>
<tr>
<td style="text-align: left;">Pääaine/Huvudämne &#8211; <strong>530 € </strong>sis. yhteismusisoinnin sekä valinnaiset musiikin hahmotusaineet. Innehåller sammusicering samt valbara ämnen i gestaltning av musik.</td>
</tr>
<tr>
<td style="text-align: left;">Yhteismusisointi pääaineena/Sammusicering som huvudämne &#8211; <strong>140 €</strong></td>
</tr>
<tr>
<td style="text-align: left;">Lyömäsoitinkurssi vanhemmille/Undervisning i slaginstrument för föräldrar &#8211; <strong>170 €</strong></td>
</tr>
<tr>
<td style="text-align: left;">Harmonikkaryhmä vanhemmille/Undervisning i dragspel för föräldrar &#8211; <strong>170 €</strong></td>
</tr>
<tr>
<td style="text-align: left;"><strong>Aikuisoppijalinja/Linjen för vuxenstuderande (Yksilöopetus/Individuell undervisning)</strong></td>
</tr>
<tr>
<td style="text-align: left;">30 min x 5 op.kertaa/gånger &#8211; <strong>305 €</strong></td>
</tr>
<tr>
<td style="text-align: left;">30 min x 8 op.kertaa/gånger &#8211; <strong>470 €</strong></td>
</tr>
<tr>
<td style="text-align: left;">30 min. x 12 op.kertaa/gånger &#8211; <strong>690 €</strong></td>
</tr>
</tbody>
</table>
[/mk_table][mk_padding_divider size=&#8221;30&#8243;][mk_table el_class=&#8221;price-table-w&#8221;]
<table width="100%">
<thead>
<tr>
<th style="text-align: left;">Iltapäiväopetus/Eftermiddagsundervisning</th>
</tr>
</thead>
<tbody>
<tr>
<td style="text-align: left;">Hinta on per lukukausi / Priset är för en termin</td>
</tr>
<tr>
<td style="text-align: left;"></td>
</tr>
<tr>
<td style="text-align: left;">Pop/jazz -sånggrupp (elev utan huvudämne)  &#8211; <strong>160 €</strong></td>
</tr>
<tr>
<td style="text-align: left;">Pop/jazz -sånggrupp (elev med huvudämne)  &#8211; <strong>90 €</strong></td>
</tr>
<tr>
<td style="text-align: left;">MuVis, musiikki-ja kuvataideopetus &#8211; <strong>185 €</strong></td>
</tr>
<tr>
<td style="text-align: left;">Musiikkiteatterikerho &#8211; <strong>195 € </strong></td>
</tr>
<tr>
<td style="text-align: left;">Musari &#8211; <strong>135 € </strong>(maksuton musiikkiopiston oppilaalle, jolla pääaine)</td>
</tr>
</tbody>
</table>
[/mk_table][mk_padding_divider size=&#8221;30&#8243;][mk_table el_class=&#8221;price-table-w&#8221;]
<table width="100%">
<thead>
<tr>
<th style="text-align: left;">Muut maksut / Övriga avgifter</th>
</tr>
</thead>
<tbody>
<tr>
<td style="text-align: left;">Kirjaamismaksu/Inskrivningsavgift &#8211; <strong>15 €</strong></td>
</tr>
<tr>
<td style="text-align: left;"><strong>Alla olevat hinnat ovat per lukukausi / Priserna nedan är per termin.</strong></td>
</tr>
<tr>
<td style="text-align: left;">Ulkopaikkakuntalainen, pääaine/Icke ortsbo, huvudämne &#8211; <strong>60 € </strong></td>
</tr>
<tr>
<td style="text-align: left;">Ulkopaikkakuntalainen, ryhmät/Icke ortsbo, grupper &#8211; <strong>10 €</strong></td>
</tr>
<tr>
<td style="text-align: left;">Soitinvuokra Kaumon oppilaalle/Instrumenthyra för elev i Kaumo &#8211; <strong>85 € </strong>Soitinvuokra muille/Instrumenthyra för övriga &#8211; <strong>150 €</strong></td>
</tr>
<tr>
<td style="text-align: left;">Solistisen aineen tutkintomaksu, ulkopuolinen oppilas/Examensavgift i solistiskt ämne, utomstående elev- <strong>200 €</strong></td>
</tr>
<tr>
<td style="text-align: left;">Musiikin hahmottamisaineet, ulkopuolinen oppilas tai ilman pääainetta/Gestaltning av musik, utomstående elev eller elev utan huvudämne &#8211; <strong>135  €</strong></td>
</tr>
<tr>
<td style="text-align: left;">Musiikin hahmotusaineiden materiaalimaksu/Gestaltning av musik, materialavgift fr.o.m.  &#8211; <strong>20  € alk.</strong></td>
</tr>
</tbody>
</table>
[/mk_table][mk_padding_divider size=&#8221;30&#8243;][/vc_column][/vc_row]

<p>[vc_row][vc_column][mk_padding_divider size=&#8221;30&#8243;][mk_fancy_title font_family=&#8221;none&#8221;] Lukuvuosi / Läsåret 2025-2026 [/mk_fancy_title][/vc_column][/vc_row][vc_row][vc_column width=&#8221;1/2&#8243;][vc_column_text css=&#8221;.vc_custom_1748936177929{margin-bottom: 0px !important;}&#8221;] Lukukaudet ja opetuspäivät / Terminer och undervisningsdagar Syyslukukausi/Hösttermin 12.8.2025 &#8211; 16.12.2025 Kevätlukukausi/Vårtermin 7.1.2026 &#8211; 25.5.2026 Lomat / Lov [&hellip;]</p>
