{"id":7924,"date":"2024-10-28T11:18:53","date_gmt":"2024-10-28T11:18:53","guid":{"rendered":"https:\/\/kaumo.fi\/?post_type=tribe_events&#038;p=7924"},"modified":"2025-01-15T13:38:11","modified_gmt":"2025-01-15T13:38:11","slug":"tys","status":"publish","type":"tribe_events","link":"https:\/\/kaumo.fi\/sv\/event\/tys\/","title":{"rendered":"TYS: Tillsammans &#8211; Yhdess\u00e4"},"content":{"rendered":"<p>P\u00e5 konserten upptr\u00e4der TYS-Sinfonietta under ledning av kapellm\u00e4stare prof. Hannu Norjanen. TYS kommer fr\u00e5n orden Tillsammans &#8211; Yhdess\u00e4.<\/p>\n<p>TYS-Sinfonietta best\u00e5r av elever fr\u00e5n Grankulla musikinstitut, Musik- och kulturskolan Sandels samt Musikinstitutet Kungsv\u00e4gen.<\/p>\n<p>I \u00e5r utvidgas TYS-Sinfoniettas str\u00e5korkester med bl\u00e5sare. P\u00e5 programmet finns bland annat W.A. Mozarts Symfoni nr.40 g:.<\/p>\n<p>Konserten \u00e4r ett samarbete mellan Grankulla musikinstitut, Musik- och kulturskolan Sandels samt Musikinstitutet Kungsv\u00e4gen. Fritt intr\u00e4de.<\/p>\n","protected":false},"excerpt":{"rendered":"<p>P\u00e5 konserten upptr\u00e4der TYS-Sinfonietta under ledning av kapellm\u00e4stare prof. Hannu Norjanen. TYS kommer fr\u00e5n orden Tillsammans &#8211; Yhdess\u00e4. TYS-Sinfonietta best\u00e5r av elever fr\u00e5n Grankulla musikinstitut, Musik- och kulturskolan Sandels samt [&hellip;]<\/p>\n","protected":false},"author":2,"featured_media":0,"template":"","meta":{"_tribe_events_status":"","_tribe_events_status_reason":"","footnotes":""},"tags":[],"tribe_events_cat":[3],"class_list":["post-7924","tribe_events","type-tribe_events","status-publish","hentry","tribe_events_cat-event","cat_event"],"translation":{"provider":"WPGlobus","version":"3.0.0","language":"sv","enabled_languages":["fi","sv"],"languages":{"fi":{"title":true,"content":true,"excerpt":false},"sv":{"title":true,"content":true,"excerpt":false}}},"_links":{"self":[{"href":"https:\/\/kaumo.fi\/sv\/wp-json\/wp\/v2\/tribe_events\/7924","targetHints":{"allow":["GET"]}}],"collection":[{"href":"https:\/\/kaumo.fi\/sv\/wp-json\/wp\/v2\/tribe_events"}],"about":[{"href":"https:\/\/kaumo.fi\/sv\/wp-json\/wp\/v2\/types\/tribe_events"}],"author":[{"embeddable":true,"href":"https:\/\/kaumo.fi\/sv\/wp-json\/wp\/v2\/users\/2"}],"version-history":[{"count":18,"href":"https:\/\/kaumo.fi\/sv\/wp-json\/wp\/v2\/tribe_events\/7924\/revisions"}],"predecessor-version":[{"id":8764,"href":"https:\/\/kaumo.fi\/sv\/wp-json\/wp\/v2\/tribe_events\/7924\/revisions\/8764"}],"wp:attachment":[{"href":"https:\/\/kaumo.fi\/sv\/wp-json\/wp\/v2\/media?parent=7924"}],"wp:term":[{"taxonomy":"post_tag","embeddable":true,"href":"https:\/\/kaumo.fi\/sv\/wp-json\/wp\/v2\/tags?post=7924"},{"taxonomy":"tribe_events_cat","embeddable":true,"href":"https:\/\/kaumo.fi\/sv\/wp-json\/wp\/v2\/tribe_events_cat?post=7924"}],"curies":[{"name":"wp","href":"https:\/\/api.w.org\/{rel}","templated":true}]}}

TYS: Tillsammans &#8211; Yhdessä

<p>På konserten uppträder TYS-Sinfonietta under ledning av kapellmästare prof. Hannu Norjanen. TYS kommer från orden Tillsammans &#8211; Yhdessä.</p>
<p>TYS-Sinfonietta består av elever från Grankulla musikinstitut, Musik- och kulturskolan Sandels samt Musikinstitutet Kungsvägen.</p>
<p>I år utvidgas TYS-Sinfoniettas stråkorkester med blåsare. På programmet finns bland annat W.A. Mozarts Symfoni nr.40 g:.</p>
<p>Konserten är ett samarbete mellan Grankulla musikinstitut, Musik- och kulturskolan Sandels samt Musikinstitutet Kungsvägen. Fritt inträde.</p>

<p>På konserten uppträder TYS-Sinfonietta under ledning av kapellmästare prof. Hannu Norjanen. TYS kommer från orden Tillsammans &#8211; Yhdessä. TYS-Sinfonietta består av elever från Grankulla musikinstitut, Musik- och kulturskolan Sandels samt [&hellip;]</p>
