{"id":9887,"date":"2026-08-28T12:35:56","date_gmt":"2026-08-28T12:35:56","guid":{"rendered":"https:\/\/kaumo.fi\/?post_type=tribe_events&#038;p=9887"},"modified":"2026-08-28T12:41:15","modified_gmt":"2026-08-28T12:41:15","slug":"tys-2","status":"publish","type":"tribe_events","link":"https:\/\/kaumo.fi\/sv\/event\/tys-2\/","title":{"rendered":"TYS: Tillsammans &#8211; Yhdess\u00e4"},"content":{"rendered":"<p>P\u00e5 konserten upptr\u00e4der TYS-Sinfonietta. TYS kommer fr\u00e5n orden Tillsammans &#8211; Yhdess\u00e4.<\/p>\n<p>TYS-Sinfonietta best\u00e5r av elever fr\u00e5n Grankulla musikinstitut, Musik- och kulturskolan Sandels samt Musikinstitutet Kungsv\u00e4gen.<\/p>\n<p>Konserten \u00e4r ett samarbete mellan Grankulla musikinstitut, Musik- och kulturskolan Sandels samt Musikinstitutet Kungsv\u00e4gen. Fritt intr\u00e4de.<\/p>\n","protected":false},"excerpt":{"rendered":"<p>P\u00e5 konserten upptr\u00e4der TYS-Sinfonietta. TYS kommer fr\u00e5n orden Tillsammans &#8211; Yhdess\u00e4. TYS-Sinfonietta best\u00e5r av elever fr\u00e5n Grankulla musikinstitut, Musik- och kulturskolan Sandels samt Musikinstitutet Kungsv\u00e4gen. Konserten \u00e4r ett samarbete mellan [&hellip;]<\/p>\n","protected":false},"author":2,"featured_media":0,"template":"","meta":{"_tribe_events_status":"","_tribe_events_status_reason":"","footnotes":""},"tags":[],"tribe_events_cat":[],"class_list":["post-9887","tribe_events","type-tribe_events","status-publish","hentry"],"translation":{"provider":"WPGlobus","version":"3.0.0","language":"sv","enabled_languages":["fi","sv"],"languages":{"fi":{"title":true,"content":true,"excerpt":false},"sv":{"title":true,"content":true,"excerpt":false}}},"_links":{"self":[{"href":"https:\/\/kaumo.fi\/sv\/wp-json\/wp\/v2\/tribe_events\/9887","targetHints":{"allow":["GET"]}}],"collection":[{"href":"https:\/\/kaumo.fi\/sv\/wp-json\/wp\/v2\/tribe_events"}],"about":[{"href":"https:\/\/kaumo.fi\/sv\/wp-json\/wp\/v2\/types\/tribe_events"}],"author":[{"embeddable":true,"href":"https:\/\/kaumo.fi\/sv\/wp-json\/wp\/v2\/users\/2"}],"version-history":[{"count":5,"href":"https:\/\/kaumo.fi\/sv\/wp-json\/wp\/v2\/tribe_events\/9887\/revisions"}],"predecessor-version":[{"id":9899,"href":"https:\/\/kaumo.fi\/sv\/wp-json\/wp\/v2\/tribe_events\/9887\/revisions\/9899"}],"wp:attachment":[{"href":"https:\/\/kaumo.fi\/sv\/wp-json\/wp\/v2\/media?parent=9887"}],"wp:term":[{"taxonomy":"post_tag","embeddable":true,"href":"https:\/\/kaumo.fi\/sv\/wp-json\/wp\/v2\/tags?post=9887"},{"taxonomy":"tribe_events_cat","embeddable":true,"href":"https:\/\/kaumo.fi\/sv\/wp-json\/wp\/v2\/tribe_events_cat?post=9887"}],"curies":[{"name":"wp","href":"https:\/\/api.w.org\/{rel}","templated":true}]}}

TYS: Tillsammans &#8211; Yhdessä

<p>På konserten uppträder TYS-Sinfonietta. TYS kommer från orden Tillsammans &#8211; Yhdessä.</p>
<p>TYS-Sinfonietta består av elever från Grankulla musikinstitut, Musik- och kulturskolan Sandels samt Musikinstitutet Kungsvägen.</p>
<p>Konserten är ett samarbete mellan Grankulla musikinstitut, Musik- och kulturskolan Sandels samt Musikinstitutet Kungsvägen. Fritt inträde.</p>

<p>På konserten uppträder TYS-Sinfonietta. TYS kommer från orden Tillsammans &#8211; Yhdessä. TYS-Sinfonietta består av elever från Grankulla musikinstitut, Musik- och kulturskolan Sandels samt Musikinstitutet Kungsvägen. Konserten är ett samarbete mellan [&hellip;]</p>
